{"id":53,"date":"2026-04-15T15:48:38","date_gmt":"2026-04-15T15:48:38","guid":{"rendered":"https:\/\/copesveikals.me\/?post_type=product&#038;p=53"},"modified":"2026-04-15T15:49:06","modified_gmt":"2026-04-15T15:49:06","slug":"nutrabaits-cream-cajouser-shelf-life-pop-up-range-xb-range","status":"publish","type":"product","link":"https:\/\/copesveikals.me\/index.php\/product\/nutrabaits-cream-cajouser-shelf-life-pop-up-range-xb-range\/","title":{"rendered":"Nutrabaits Cream Cajouser SHELF-LIFE POP UP RANGE (XB RANGE)"},"content":{"rendered":"<p data-start=\"66\" data-end=\"180\">\u0160\u012bs ultra peldo\u0161\u0101s pop-up boilas\u00a0 lieliski sader ar br\u012bvo pied\u0101v\u0101jumu gan pievilc\u012bbas, gan izskata zi\u0146\u0101 \u016bden\u012b. Tos var izmantot ar lielisku efektu da\u017e\u0101d\u0101s m\u016bsdienu \u0101\u0137baitu prezent\u0101cij\u0101s. Izmantojiet tos kritiski l\u012bdzsvarot\u0101 veid\u0101, p\u0101rslogotus vai k\u0101 da\u013cu no sniega v\u012bra prezent\u0101cijas.<\/p>\n<ul>\n<li data-start=\"358\" data-end=\"394\">Pieejami 12mm, 15mm un 18mm izm\u0113ros.<img loading=\"lazy\" decoding=\"async\" class=\"alignnone size-medium wp-image-54\" src=\"https:\/\/copesveikals.me\/wp-content\/uploads\/2026\/04\/Cream-Cajouser-15mm-Pop-Ups-min-copy-740x491-2-300x199.jpg\" alt=\"\" width=\"300\" height=\"199\" srcset=\"https:\/\/copesveikals.me\/wp-content\/uploads\/2026\/04\/Cream-Cajouser-15mm-Pop-Ups-min-copy-740x491-2-300x199.jpg 300w, https:\/\/copesveikals.me\/wp-content\/uploads\/2026\/04\/Cream-Cajouser-15mm-Pop-Ups-min-copy-740x491-2-600x398.jpg 600w, https:\/\/copesveikals.me\/wp-content\/uploads\/2026\/04\/Cream-Cajouser-15mm-Pop-Ups-min-copy-740x491-2.jpg 740w\" sizes=\"auto, (max-width: 300px) 100vw, 300px\" \/><\/li>\n<\/ul>\n","protected":false},"excerpt":{"rendered":"<div class=\"woocommerce-product-details__short-description\">\n<p>\u0160\u012bs ultra peldo\u0161\u0101s pop-up boilas\u00a0 lieliski sader ar br\u012bvo pied\u0101v\u0101jumu gan pievilc\u012bbas, gan izskata zi\u0146\u0101 \u016bden\u012b.<\/p>\n<\/div>\n<div class=\"ct-product-add-to-cart\"><\/div>\n","protected":false},"featured_media":54,"comment_status":"open","ping_status":"closed","template":"","meta":[],"product_brand":[],"product_cat":[15],"product_tag":[],"class_list":{"0":"post-53","1":"product","2":"type-product","3":"status-publish","4":"has-post-thumbnail","6":"product_cat-uncategorized","8":"first","9":"instock","10":"taxable","11":"shipping-taxable","12":"purchasable","13":"product-type-simple"},"_links":{"self":[{"href":"https:\/\/copesveikals.me\/index.php\/wp-json\/wp\/v2\/product\/53","targetHints":{"allow":["GET"]}}],"collection":[{"href":"https:\/\/copesveikals.me\/index.php\/wp-json\/wp\/v2\/product"}],"about":[{"href":"https:\/\/copesveikals.me\/index.php\/wp-json\/wp\/v2\/types\/product"}],"replies":[{"embeddable":true,"href":"https:\/\/copesveikals.me\/index.php\/wp-json\/wp\/v2\/comments?post=53"}],"wp:featuredmedia":[{"embeddable":true,"href":"https:\/\/copesveikals.me\/index.php\/wp-json\/wp\/v2\/media\/54"}],"wp:attachment":[{"href":"https:\/\/copesveikals.me\/index.php\/wp-json\/wp\/v2\/media?parent=53"}],"wp:term":[{"taxonomy":"product_brand","embeddable":true,"href":"https:\/\/copesveikals.me\/index.php\/wp-json\/wp\/v2\/product_brand?post=53"},{"taxonomy":"product_cat","embeddable":true,"href":"https:\/\/copesveikals.me\/index.php\/wp-json\/wp\/v2\/product_cat?post=53"},{"taxonomy":"product_tag","embeddable":true,"href":"https:\/\/copesveikals.me\/index.php\/wp-json\/wp\/v2\/product_tag?post=53"}],"curies":[{"name":"wp","href":"https:\/\/api.w.org\/{rel}","templated":true}]}}